{"id":4109,"date":"2021-12-27T17:13:40","date_gmt":"2021-12-27T11:43:40","guid":{"rendered":"https:\/\/staging.greenlamclads.com\/spanish\/?page_id=4109"},"modified":"2023-04-05T14:40:29","modified_gmt":"2023-04-05T09:10:29","slug":"exterior-clads","status":"publish","type":"page","link":"https:\/\/greenlamclads.com\/spanish\/exterior-clads\/","title":{"rendered":"Revestimientos exteriores"},"content":{"rendered":"\n<div class=\"wp-block-columns media-section content-first bg-grey bg-pattern is-layout-flex wp-container-core-columns-is-layout-1 wp-block-columns-is-layout-flex\">\n<div class=\"wp-block-column container is-layout-flow wp-block-column-is-layout-flow\">\r\n\t<div class=\"heading-wrapper \">\r\n\t\t<h2 class=\"component-heading\">Revestimientos exteriores <\/h2>\r\n\r\n\t\t\t\t\t<h3 class=\"component-sub-heading\">Resalta su exterior <\/h3>\r\n\t\t\t<\/div>\r\n\n\n\n<div class=\"wp-block-group offset-xl-1 col-xl-11 col-12\"><div class=\"wp-block-group__inner-container is-layout-flow wp-block-group-is-layout-flow\">\n<p id=\"greenlam-exterior\" class=\"para\">\n  Los revestimientos de exterior Greenlam est\u00e1n dise\u00f1ados para embellecer sus exteriores con un dise\u00f1o estilizado y una elegancia sofisticada. Est\u00e1n fabricados con la m\u00e1s moderna tecnolog\u00eda GLE que\n  los hace resistentes frente a condiciones clim\u00e1ticas tales como el calor extremo, el frio y la lluvia. Son igualmente resistentes a las manchas, los ara\u00f1azos, el vapor, las grietas y el desgaste.\n  Tienen una vida \u00fatil extensa y apenas requiren mantenimiento.\n<\/p>\n<p class=\"para\">Sus usos m\u00e1s populares incluyen: fachadas, balcones, puertas residenciales y comerciales, hospitales, carcasa de expositores, etc.<\/p>\n&nbsp;\n<ul class=\"product-feature-list list-unstyled d-flex flex-wrap mt-5\">\n  <li class=\"col-xl-4 col-lg-4 col-md-4 col-6 col-xl-3 col-lg-3 col-md-3 col-6\">\n    <div class=\"img\">\n      <img decoding=\"async\" src=\"https:\/\/greenlamclads.com\/arabic\/wp-content\/uploads\/sites\/8\/2023\/01\/f5.png\" class=\"img-fluid\" alt=\"\" \/>\n    <\/div>\n    <div class=\"text\">\n        Garant\u00eda de 10 a\u00f1os*\n    <\/div>\n  <\/li>\n  <li class=\"col-xl-4 col-lg-4 col-md-4 col-6 col-xl-3 col-lg-3 col-md-3 col-6\">\n    <div class=\"img\">\n      <img decoding=\"async\" src=\"https:\/\/greenlamclads.com\/spanish\/wp-content\/uploads\/sites\/9\/2021\/07\/f2.png\" class=\"img-fluid\" alt=\"\" \/>\n    <\/div>\n    <div class=\"text\">\n        Resistencia al fuego\n    <\/div>\n  <\/li>\n  <li class=\"col-xl-4 col-lg-4 col-md-4 col-6 col-xl-3 col-lg-3 col-md-3 col-6\">\n    <div class=\"img\">\n      <img decoding=\"async\" src=\"https:\/\/greenlamclads.com\/spanish\/wp-content\/uploads\/sites\/9\/2022\/04\/ANTI_GRAFFITI.png\" class=\"img-fluid\" alt=\"\" \/>\n    <\/div>\n    <div class=\"text\">\n        Excelente propiedades anti grafitis\n    <\/div>\n  <\/li>\n  <li class=\"col-xl-4 col-lg-4 col-md-4 col-6\">\n    <div class=\"img\">\n      <img decoding=\"async\" src=\"https:\/\/greenlamclads.com\/spanish\/wp-content\/uploads\/sites\/9\/2022\/04\/CHEMICAL_RESISTANT.png\" class=\"img-fluid\" alt=\"\" \/>\n    <\/div>\n    <div class=\"text\">Resistencia qu\u00edmica<\/div>\n  <\/li>\n  <li class=\"col-xl-4 col-lg-4 col-md-4 col-6 col-xl-3 col-lg-3 col-md-3 col-6\">\n    <div class=\"img\">\n      <img decoding=\"async\" src=\"https:\/\/greenlamclads.com\/spanish\/wp-content\/uploads\/sites\/9\/2022\/04\/SAVES_UPTO_30_ENERGY.png\" class=\"img-fluid\" alt=\"\" \/>\n    <\/div>\n    <div class=\"text\">\n        Eficiencia energ\u00e9tica\n    <\/div>\n  <\/li>\n  <li class=\"col-xl-4 col-lg-4 col-md-4 col-6 col-xl-3 col-lg-3 col-md-3 col-6\">\n    <div class=\"img\">\n      <img decoding=\"async\" src=\"https:\/\/greenlamclads.com\/spanish\/wp-content\/uploads\/sites\/9\/2022\/04\/MATCHING-RIVETS.png\" class=\"img-fluid\" alt=\"\" \/>\n    <\/div>\n    <div class=\"text\">\n        Remaches a juego\n    <\/div>\n  <\/li>\n  <li class=\"col-xl-4 col-lg-4 col-md-4 col-6 col-xl-3 col-lg-3 col-md-3 col-6\">\n    <div class=\"img\">\n      <img decoding=\"async\" src=\"https:\/\/greenlamclads.com\/spanish\/wp-content\/uploads\/sites\/9\/2022\/04\/ANTI-DUST.png\" class=\"img-fluid\" alt=\"\" \/>\n    <\/div>\n    <div class=\"text\">Antipolvo<\/div>\n  <\/li>\n  <li class=\"col-xl-4 col-lg-4 col-md-4 col-6\">\n    <div class=\"img\">\n      <img decoding=\"async\" src=\"https:\/\/greenlamclads.com\/spanish\/wp-content\/uploads\/sites\/9\/2022\/04\/MOISTURE-RESISTANT.png\" class=\"img-fluid\" alt=\"\" \/>\n    <\/div>\n    <div class=\"text\">\n        Resistencia a la humedad\n    <\/div>\n  <\/li>\n  <li class=\"col-xl-4 col-lg-4 col-md-4 col-6\">\n    <div class=\"img\">\n      <img decoding=\"async\" src=\"https:\/\/greenlamclads.com\/spanish\/wp-content\/uploads\/sites\/9\/2022\/04\/ENVIRONMENT-FRIENDLY.png\" class=\"img-fluid\" alt=\"\" \/>\n    <\/div>\n    <div class=\"text\">\n        Respetuoso con el medioambiente\n    <\/div>\n  <\/li>\n  <li class=\"col-xl-4 col-lg-4 col-md-4 col-6 col-xl-3 col-lg-3 col-md-3 col-6\">\n    <div class=\"img\">\n      <img decoding=\"async\" src=\"https:\/\/greenlamclads.com\/spanish\/wp-content\/uploads\/sites\/9\/2022\/04\/LOW-VOC-EMISSION.png\" class=\"img-fluid\" alt=\"\" \/>\n    <\/div>\n    <div class=\"text\">Baja emisi\u00f3n de gases VOC<\/div>\n  <\/li>\n  <li class=\"col-xl-4 col-lg-4 col-md-4 col-6 col-xl-3 col-lg-3 col-md-3 col-6\">\n    <div class=\"img\">\n      <img decoding=\"async\" src=\"https:\/\/greenlamclads.com\/spanish\/wp-content\/uploads\/sites\/9\/2022\/04\/RESISTANCE-TO-ACID-RAINS.png\" class=\"img-fluid\" alt=\"\" \/>\n    <\/div>\n    <div class=\"text\">\n      Resistencia <br \/>\n      a la lluvia \u00e1cida\n    <\/div>\n  <\/li>\n  <li class=\"col-xl-4 col-lg-4 col-md-4 col-6 col-xl-3 col-lg-3 col-md-3 col-6\">\n    <div class=\"img\">\n      <img decoding=\"async\" src=\"https:\/\/greenlamclads.com\/spanish\/wp-content\/uploads\/sites\/9\/2022\/04\/CORROSION-RESISTANT.png\" class=\"img-fluid\" alt=\"\" \/>\n    <\/div>\n    <div class=\"text\">\n        Resistencia a la corrosion\n    <\/div>\n  <\/li>\n  <li class=\"col-xl-4 col-lg-4 col-md-4 col-6 col-xl-3 col-lg-3 col-md-3 col-6\">\n    <div class=\"img\">\n      <img decoding=\"async\" src=\"https:\/\/greenlamclads.com\/spanish\/wp-content\/uploads\/sites\/9\/2022\/04\/Termite-Resistant.png\" class=\"img-fluid\" alt=\"\" \/>\n    <\/div>\n    <div class=\"text\">\n        Resistencia a termitas\n    <\/div>\n  <\/li>\n  <li class=\"col-xl-4 col-lg-4 col-md-4 col-6 col-xl-3 col-lg-3 col-md-3 col-6\">\n    <div class=\"img\">\n      <img decoding=\"async\" src=\"https:\/\/greenlamclads.com\/spanish\/wp-content\/uploads\/sites\/9\/2022\/04\/Anti-BacteriaL-Anti-FUNGAL.png\" class=\"img-fluid\" alt=\"\" \/>\n    <\/div>\n    <div class=\"text\">\n        Antibacterias y antihongos\n    <\/div>\n  <\/li>\n  <li class=\"col-xl-4 col-lg-4 col-md-4 col-6 col-xl-3 col-lg-3 col-md-3 col-6\">\n    <div class=\"img\">\n      <img decoding=\"async\" src=\"https:\/\/greenlamclads.com\/spanish\/wp-content\/uploads\/sites\/9\/2022\/04\/Acoustic-Resistance.png\" class=\"img-fluid\" alt=\"\" \/>\n    <\/div>\n    <div class=\"text\">\n        Resistencia ac\u00fastica\n    <\/div>\n  <\/li>\n  <li class=\"col-xl-4 col-lg-4 col-md-4 col-6 col-xl-3 col-lg-3 col-md-3 col-6\">\n    <div class=\"img\">\n      <img decoding=\"async\" src=\"https:\/\/greenlamclads.com\/spanish\/wp-content\/uploads\/sites\/9\/2022\/04\/GLE-Technology.png\" class=\"img-fluid\" alt=\"\" \/>\n    <\/div>\n    <div class=\"text\">tecnolog\u00eda GLE<\/div>\n  <\/li>\n  <li class=\"col-xl-4 col-lg-4 col-md-4 col-6 col-xl-3 col-lg-3 col-md-3 col-6\">\n    <div class=\"img\">\n      <img decoding=\"async\" src=\"https:\/\/greenlamclads.com\/spanish\/wp-content\/uploads\/sites\/9\/2022\/04\/can-withstand-extreme-temperature-conditions-from-60C-to-80C.png\" class=\"img-fluid\" alt=\"\" \/>\n    <\/div>\n    <div class=\"text\">\n        Resistencia frente a condiciones de temperaturas extremas de entre -60 C y +80 C\n    <\/div>\n  <\/li>\n  <li class=\"col-xl-4 col-lg-4 col-md-4 col-6 col-xl-3 col-lg-3 col-md-3 col-6\">\n    <div class=\"img\">\n      <img decoding=\"async\" src=\"https:\/\/greenlamclads.com\/spanish\/wp-content\/uploads\/sites\/9\/2022\/04\/f1.png\" class=\"img-fluid\" alt=\"\" \/>\n    <\/div>\n    <div class=\"text\">\n        Gran resistencia a la luz (resistencia a los rayos UV)\n    <\/div>\n  <\/li>\n<\/ul>\n<p style=\"font-size: 12px\">*Climatic conditions across geographies may affect the product performance. Hence, warranty will vary across countries. Contact business manager for more details.<\/p>\n\n<\/div><\/div>\n<\/div>\n<\/div>\n\n\n\n<div class=\"wp-block-columns media-section content-first is-layout-flex wp-container-core-columns-is-layout-2 wp-block-columns-is-layout-flex\">\n<div class=\"wp-block-column container is-layout-flow wp-block-column-is-layout-flow\">\n<div class=\"wp-block-group col-xl-12 col-12\"><div class=\"wp-block-group__inner-container is-layout-flow wp-block-group-is-layout-flow\">\n<div class=\"wp-block-group\"><div class=\"wp-block-group__inner-container is-layout-flow wp-block-group-is-layout-flow\">\n<figure class=\"wp-block-gallery columns-1 is-cropped wp-block-gallery-1 is-layout-flex wp-block-gallery-is-layout-flex\"><ul class=\"blocks-gallery-grid\"><li class=\"blocks-gallery-item\"><figure><img loading=\"lazy\" decoding=\"async\" width=\"1024\" height=\"809\" src=\"https:\/\/greenlamclads.com\/spanish\/wp-content\/uploads\/sites\/9\/2022\/04\/GreencladsVSOthers-1536x1213-1-1024x809.jpg\" alt=\"\" data-id=\"4896\" data-link=\"https:\/\/greenlamclads.com\/spanish\/exterior-clads\/greencladsvsothers-1536x1213-1\/\" class=\"wp-image-4896\" srcset=\"https:\/\/greenlamclads.com\/spanish\/wp-content\/uploads\/sites\/9\/2022\/04\/GreencladsVSOthers-1536x1213-1-1024x809.jpg 1024w, https:\/\/greenlamclads.com\/spanish\/wp-content\/uploads\/sites\/9\/2022\/04\/GreencladsVSOthers-1536x1213-1-300x237.jpg 300w, https:\/\/greenlamclads.com\/spanish\/wp-content\/uploads\/sites\/9\/2022\/04\/GreencladsVSOthers-1536x1213-1-768x607.jpg 768w, https:\/\/greenlamclads.com\/spanish\/wp-content\/uploads\/sites\/9\/2022\/04\/GreencladsVSOthers-1536x1213-1-32x25.jpg 32w, https:\/\/greenlamclads.com\/spanish\/wp-content\/uploads\/sites\/9\/2022\/04\/GreencladsVSOthers-1536x1213-1.jpg 1536w\" sizes=\"(max-width: 1024px) 100vw, 1024px\" \/><\/figure><\/li><\/ul><\/figure>\n<\/div><\/div>\n<\/div><\/div>\n<\/div>\n<\/div>\n\n\n\n<div class=\"wp-block-columns is-layout-flex wp-container-core-columns-is-layout-3 wp-block-columns-is-layout-flex\">\n<div class=\"wp-block-column container is-layout-flow wp-block-column-is-layout-flow\">\n<div class=\"wp-block-group col-xl-12 col-12\"><div class=\"wp-block-group__inner-container is-layout-flow wp-block-group-is-layout-flow\">\n<div id=\"endless_possibilities\" class=\"wp-block-columns media-section\">\n    <div class=\"wp-block-column container\">\n        <div class=\"heading-wrapper \">\n            <h2 class=\"component-heading\">Posibilidades infinitas<\/h2>\n        <\/div>\n        <div class=\"wp-block-columns media-wrapper\">\n            <div class=\"wp-block-column\">\n                <figure class=\"wp-block-image size-full is-style-default\">\n                    <img loading=\"lazy\" decoding=\"async\" class=\"wp-image-2789\" src=\"https:\/\/greenlamclads.com\/spanish\/wp-content\/uploads\/sites\/9\/2022\/04\/endless_possiblities_new-1.jpg\" sizes=\"(max-width: 635px) 100vw, 635px\" srcset=\"https:\/\/greenlamclads.com\/spanish\/wp-content\/uploads\/sites\/9\/2022\/04\/endless_possiblities_new-1.jpg 635w, https:\/\/greenlamclads.com\/spanish\/wp-content\/uploads\/sites\/9\/2022\/01\/endless_possiblities_new-300x252.jpg 300w, https:\/\/greenlamclads.com\/spanish\/wp-content\/uploads\/sites\/9\/2022\/01\/endless_possiblities_new-32x27.jpg 32w\" alt=\"\" width=\"635\" height=\"534\">\n                <\/figure>\n            <\/div>\n            <div class=\"wp-block-column\">\n                <div class=\"thum-list\">\n                    <div class=\"thumb\">\n                        <h3 class=\"thumb-heading\">\n                            <span class=\"count\">1<\/span> Soffit\n                        <\/h3>\n                        <img decoding=\"async\" class=\"img-fluid\" src=\"https:\/\/greenlamclads.com\/spanish\/wp-content\/uploads\/sites\/9\/2022\/04\/1.jpg\" alt=\"\">\n                    <\/div>\n                    <div class=\"thumb\">\n                        <h3 class=\"thumb-heading\">\n                            <span class=\"count\">2<\/span> ventana empotrada\n                        <\/h3>\n                        <img decoding=\"async\" class=\"img-fluid\" src=\"https:\/\/greenlamclads.com\/spanish\/wp-content\/uploads\/sites\/9\/2022\/04\/2.jpg\" alt=\"\">\n                    <\/div>\n                    <div class=\"thumb\">\n                        <h3 class=\"thumb-heading\">\n                            <span class=\"count\">3<\/span> Fachadas Ventiladas\n                        <\/h3>\n                        <img decoding=\"async\" class=\"img-fluid\" src=\"https:\/\/greenlamclads.com\/spanish\/wp-content\/uploads\/sites\/9\/2022\/04\/3.jpg\" alt=\"\">\n                    <\/div>\n                    <div class=\"thumb\">\n                        <h3 class=\"thumb-heading\">\n                            <span class=\"count\">4<\/span> Parapeto\n                        <\/h3>\n                        <img decoding=\"async\" class=\"img-fluid\" src=\"https:\/\/greenlamclads.com\/spanish\/wp-content\/uploads\/sites\/9\/2022\/04\/4.jpg\" alt=\"\">\n                    <\/div>\n                    <div class=\"thumb\">\n                        <h3 class=\"thumb-heading\">\n                            <span class=\"count\">5<\/span> Muro perimetral\n                        <\/h3>\n                        <img decoding=\"async\" class=\"img-fluid\" src=\"https:\/\/greenlamclads.com\/spanish\/wp-content\/uploads\/sites\/9\/2022\/04\/5.jpg\" alt=\"\">\n                    <\/div>\n                    <div class=\"thumb\">\n                        <h3 class=\"thumb-heading\">\n                            <span class=\"count\">6<\/span> Balc\u00f3n\n                        <\/h3>\n                        <img decoding=\"async\" class=\"img-fluid\" src=\"https:\/\/greenlamclads.com\/spanish\/wp-content\/uploads\/sites\/9\/2022\/04\/6.jpg\" alt=\"\">\n                    <\/div>\n                    <div class=\"thumb\">\n                        <h3 class=\"thumb-heading\">\n                            <span class=\"count\">7<\/span> Tabique\n                        <\/h3>\n                        <img decoding=\"async\" class=\"img-fluid\" src=\"https:\/\/greenlamclads.com\/spanish\/wp-content\/uploads\/sites\/9\/2022\/04\/7.jpg\" alt=\"\">\n                    <\/div>\n                    <div class=\"thumb\">\n                        <h3 class=\"thumb-heading\">\n                            <span class=\"count\">8<\/span> Pillar\n                        <\/h3>\n                        <img decoding=\"async\" class=\"img-fluid\" src=\"https:\/\/greenlamclads.com\/spanish\/wp-content\/uploads\/sites\/9\/2022\/04\/8.jpg\" alt=\"\">\n                    <\/div>\n                    <div class=\"thumb\">\n                        <h3 class=\"thumb-heading\">\n                            <span class=\"count\">9<\/span> Verja\n                        <\/h3>\n                        <img decoding=\"async\" class=\"img-fluid\" src=\"https:\/\/greenlamclads.com\/spanish\/wp-content\/uploads\/sites\/9\/2022\/04\/9.jpg\" alt=\"\">\n                    <\/div>\n                    <div class=\"application-areas-text\">\n                        <h3 class=\"heading-xs\">Otras \u00e1reas de uso<\/h3>\n                        <p id=\"exteror-listing\" class=\"application-area-list\">\n                            Vallas, mobiliario de exterior, instalaciones p\u00fablicas, instalaciones de recreo, instalaciones deportivas, etc.\n                        <\/p>\n                    <\/div>\n                <\/div>\n                \n            <\/div>\n        <\/div>\n    <\/div>\n<\/div>\n<\/div><\/div>\n<\/div>\n<\/div>\n","protected":false},"excerpt":{"rendered":"<p>Los revestimientos de exterior Greenlam est\u00e1n dise\u00f1ados para embellecer sus exteriores con un dise\u00f1o estilizado y una elegancia sofisticada. Est\u00e1n fabricados con la m\u00e1s moderna tecnolog\u00eda GLE que los hace resistentes frente a condiciones clim\u00e1ticas tales como el calor extremo, el frio y la lluvia. Son igualmente resistentes a las manchas, los ara\u00f1azos, el vapor, [&hellip;]<\/p>\n","protected":false},"author":1,"featured_media":0,"parent":0,"menu_order":0,"comment_status":"closed","ping_status":"closed","template":"","meta":{"footnotes":""},"class_list":["post-4109","page","type-page","status-publish","hentry"],"yoast_head":"<!-- This site is optimized with the Yoast SEO plugin v23.5 - https:\/\/yoast.com\/wordpress\/plugins\/seo\/ -->\n<title>Exterior Wall Cladding Materials | Exterior Cladding Designs | HPL Cladding Materials | Greenlam Clads<\/title>\n<meta name=\"description\" content=\"Greenlam Clads - Choose from trendy exterior wall cladding materials and HPL cladding designs made from exterior grade compact laminates and available across India. Explore the best of exterior cladding, laminate wall claddings and exterior grade compact wall panels made from premium exterior wall cladding materials.\" \/>\n<meta name=\"robots\" content=\"index, follow, max-snippet:-1, max-image-preview:large, max-video-preview:-1\" \/>\n<meta property=\"og:locale\" content=\"en_US\" \/>\n<meta property=\"og:type\" content=\"article\" \/>\n<meta property=\"og:title\" content=\"Exterior Wall Cladding Materials | Exterior Cladding Designs | HPL Cladding Materials | Greenlam Clads\" \/>\n<meta property=\"og:description\" content=\"Greenlam Clads - Choose from trendy exterior wall cladding materials and HPL cladding designs made from exterior grade compact laminates and available across India. Explore the best of exterior cladding, laminate wall claddings and exterior grade compact wall panels made from premium exterior wall cladding materials.\" \/>\n<meta property=\"og:url\" content=\"https:\/\/greenlamclads.com\/spanish\/exterior-clads\/\" \/>\n<meta property=\"og:site_name\" content=\"Spanish\" \/>\n<meta property=\"article:modified_time\" content=\"2023-04-05T09:10:29+00:00\" \/>\n<meta property=\"og:image\" content=\"https:\/\/greenlamclads.com\/arabic\/wp-content\/uploads\/sites\/8\/2023\/01\/f5.png\" \/>\n<meta name=\"twitter:card\" content=\"summary_large_image\" \/>\n<meta name=\"twitter:label1\" content=\"Est. reading time\" \/>\n\t<meta name=\"twitter:data1\" content=\"7 minutes\" \/>\n<script type=\"application\/ld+json\" class=\"yoast-schema-graph\">{\"@context\":\"https:\/\/schema.org\",\"@graph\":[{\"@type\":\"WebPage\",\"@id\":\"https:\/\/greenlamclads.com\/spanish\/exterior-clads\/\",\"url\":\"https:\/\/greenlamclads.com\/spanish\/exterior-clads\/\",\"name\":\"Exterior Wall Cladding Materials | Exterior Cladding Designs | HPL Cladding Materials | Greenlam Clads\",\"isPartOf\":{\"@id\":\"https:\/\/greenlamclads.com\/spanish\/#website\"},\"primaryImageOfPage\":{\"@id\":\"https:\/\/greenlamclads.com\/spanish\/exterior-clads\/#primaryimage\"},\"image\":{\"@id\":\"https:\/\/greenlamclads.com\/spanish\/exterior-clads\/#primaryimage\"},\"thumbnailUrl\":\"https:\/\/greenlamclads.com\/arabic\/wp-content\/uploads\/sites\/8\/2023\/01\/f5.png\",\"datePublished\":\"2021-12-27T11:43:40+00:00\",\"dateModified\":\"2023-04-05T09:10:29+00:00\",\"description\":\"Greenlam Clads - Choose from trendy exterior wall cladding materials and HPL cladding designs made from exterior grade compact laminates and available across India. Explore the best of exterior cladding, laminate wall claddings and exterior grade compact wall panels made from premium exterior wall cladding materials.\",\"breadcrumb\":{\"@id\":\"https:\/\/greenlamclads.com\/spanish\/exterior-clads\/#breadcrumb\"},\"inLanguage\":\"en-US\",\"potentialAction\":[{\"@type\":\"ReadAction\",\"target\":[\"https:\/\/greenlamclads.com\/spanish\/exterior-clads\/\"]}]},{\"@type\":\"ImageObject\",\"inLanguage\":\"en-US\",\"@id\":\"https:\/\/greenlamclads.com\/spanish\/exterior-clads\/#primaryimage\",\"url\":\"https:\/\/greenlamclads.com\/arabic\/wp-content\/uploads\/sites\/8\/2023\/01\/f5.png\",\"contentUrl\":\"https:\/\/greenlamclads.com\/arabic\/wp-content\/uploads\/sites\/8\/2023\/01\/f5.png\"},{\"@type\":\"BreadcrumbList\",\"@id\":\"https:\/\/greenlamclads.com\/spanish\/exterior-clads\/#breadcrumb\",\"itemListElement\":[{\"@type\":\"ListItem\",\"position\":1,\"name\":\"Home\",\"item\":\"https:\/\/greenlamclads.com\/spanish\/\"},{\"@type\":\"ListItem\",\"position\":2,\"name\":\"Revestimientos exteriores\"}]},{\"@type\":\"WebSite\",\"@id\":\"https:\/\/greenlamclads.com\/spanish\/#website\",\"url\":\"https:\/\/greenlamclads.com\/spanish\/\",\"name\":\"Spanish\",\"description\":\"\",\"publisher\":{\"@id\":\"https:\/\/greenlamclads.com\/spanish\/#organization\"},\"potentialAction\":[{\"@type\":\"SearchAction\",\"target\":{\"@type\":\"EntryPoint\",\"urlTemplate\":\"https:\/\/greenlamclads.com\/spanish\/?s={search_term_string}\"},\"query-input\":{\"@type\":\"PropertyValueSpecification\",\"valueRequired\":true,\"valueName\":\"search_term_string\"}}],\"inLanguage\":\"en-US\"},{\"@type\":\"Organization\",\"@id\":\"https:\/\/greenlamclads.com\/spanish\/#organization\",\"name\":\"Spanish\",\"url\":\"https:\/\/greenlamclads.com\/spanish\/\",\"logo\":{\"@type\":\"ImageObject\",\"inLanguage\":\"en-US\",\"@id\":\"https:\/\/greenlamclads.com\/spanish\/#\/schema\/logo\/image\/\",\"url\":\"https:\/\/greenlamclads.com\/spanish\/wp-content\/uploads\/sites\/9\/2021\/08\/greenlam-logo.png\",\"contentUrl\":\"https:\/\/greenlamclads.com\/spanish\/wp-content\/uploads\/sites\/9\/2021\/08\/greenlam-logo.png\",\"width\":250,\"height\":100,\"caption\":\"Spanish\"},\"image\":{\"@id\":\"https:\/\/greenlamclads.com\/spanish\/#\/schema\/logo\/image\/\"}}]}<\/script>\n<!-- \/ Yoast SEO plugin. -->","yoast_head_json":{"title":"Exterior Wall Cladding Materials | Exterior Cladding Designs | HPL Cladding Materials | Greenlam Clads","description":"Greenlam Clads - Choose from trendy exterior wall cladding materials and HPL cladding designs made from exterior grade compact laminates and available across India. Explore the best of exterior cladding, laminate wall claddings and exterior grade compact wall panels made from premium exterior wall cladding materials.","robots":{"index":"index","follow":"follow","max-snippet":"max-snippet:-1","max-image-preview":"max-image-preview:large","max-video-preview":"max-video-preview:-1"},"og_locale":"en_US","og_type":"article","og_title":"Exterior Wall Cladding Materials | Exterior Cladding Designs | HPL Cladding Materials | Greenlam Clads","og_description":"Greenlam Clads - Choose from trendy exterior wall cladding materials and HPL cladding designs made from exterior grade compact laminates and available across India. Explore the best of exterior cladding, laminate wall claddings and exterior grade compact wall panels made from premium exterior wall cladding materials.","og_url":"https:\/\/greenlamclads.com\/spanish\/exterior-clads\/","og_site_name":"Spanish","article_modified_time":"2023-04-05T09:10:29+00:00","og_image":[{"url":"https:\/\/greenlamclads.com\/arabic\/wp-content\/uploads\/sites\/8\/2023\/01\/f5.png"}],"twitter_card":"summary_large_image","twitter_misc":{"Est. reading time":"7 minutes"},"schema":{"@context":"https:\/\/schema.org","@graph":[{"@type":"WebPage","@id":"https:\/\/greenlamclads.com\/spanish\/exterior-clads\/","url":"https:\/\/greenlamclads.com\/spanish\/exterior-clads\/","name":"Exterior Wall Cladding Materials | Exterior Cladding Designs | HPL Cladding Materials | Greenlam Clads","isPartOf":{"@id":"https:\/\/greenlamclads.com\/spanish\/#website"},"primaryImageOfPage":{"@id":"https:\/\/greenlamclads.com\/spanish\/exterior-clads\/#primaryimage"},"image":{"@id":"https:\/\/greenlamclads.com\/spanish\/exterior-clads\/#primaryimage"},"thumbnailUrl":"https:\/\/greenlamclads.com\/arabic\/wp-content\/uploads\/sites\/8\/2023\/01\/f5.png","datePublished":"2021-12-27T11:43:40+00:00","dateModified":"2023-04-05T09:10:29+00:00","description":"Greenlam Clads - Choose from trendy exterior wall cladding materials and HPL cladding designs made from exterior grade compact laminates and available across India. Explore the best of exterior cladding, laminate wall claddings and exterior grade compact wall panels made from premium exterior wall cladding materials.","breadcrumb":{"@id":"https:\/\/greenlamclads.com\/spanish\/exterior-clads\/#breadcrumb"},"inLanguage":"en-US","potentialAction":[{"@type":"ReadAction","target":["https:\/\/greenlamclads.com\/spanish\/exterior-clads\/"]}]},{"@type":"ImageObject","inLanguage":"en-US","@id":"https:\/\/greenlamclads.com\/spanish\/exterior-clads\/#primaryimage","url":"https:\/\/greenlamclads.com\/arabic\/wp-content\/uploads\/sites\/8\/2023\/01\/f5.png","contentUrl":"https:\/\/greenlamclads.com\/arabic\/wp-content\/uploads\/sites\/8\/2023\/01\/f5.png"},{"@type":"BreadcrumbList","@id":"https:\/\/greenlamclads.com\/spanish\/exterior-clads\/#breadcrumb","itemListElement":[{"@type":"ListItem","position":1,"name":"Home","item":"https:\/\/greenlamclads.com\/spanish\/"},{"@type":"ListItem","position":2,"name":"Revestimientos exteriores"}]},{"@type":"WebSite","@id":"https:\/\/greenlamclads.com\/spanish\/#website","url":"https:\/\/greenlamclads.com\/spanish\/","name":"Spanish","description":"","publisher":{"@id":"https:\/\/greenlamclads.com\/spanish\/#organization"},"potentialAction":[{"@type":"SearchAction","target":{"@type":"EntryPoint","urlTemplate":"https:\/\/greenlamclads.com\/spanish\/?s={search_term_string}"},"query-input":{"@type":"PropertyValueSpecification","valueRequired":true,"valueName":"search_term_string"}}],"inLanguage":"en-US"},{"@type":"Organization","@id":"https:\/\/greenlamclads.com\/spanish\/#organization","name":"Spanish","url":"https:\/\/greenlamclads.com\/spanish\/","logo":{"@type":"ImageObject","inLanguage":"en-US","@id":"https:\/\/greenlamclads.com\/spanish\/#\/schema\/logo\/image\/","url":"https:\/\/greenlamclads.com\/spanish\/wp-content\/uploads\/sites\/9\/2021\/08\/greenlam-logo.png","contentUrl":"https:\/\/greenlamclads.com\/spanish\/wp-content\/uploads\/sites\/9\/2021\/08\/greenlam-logo.png","width":250,"height":100,"caption":"Spanish"},"image":{"@id":"https:\/\/greenlamclads.com\/spanish\/#\/schema\/logo\/image\/"}}]}},"_links":{"self":[{"href":"https:\/\/greenlamclads.com\/spanish\/wp-json\/wp\/v2\/pages\/4109"}],"collection":[{"href":"https:\/\/greenlamclads.com\/spanish\/wp-json\/wp\/v2\/pages"}],"about":[{"href":"https:\/\/greenlamclads.com\/spanish\/wp-json\/wp\/v2\/types\/page"}],"author":[{"embeddable":true,"href":"https:\/\/greenlamclads.com\/spanish\/wp-json\/wp\/v2\/users\/1"}],"replies":[{"embeddable":true,"href":"https:\/\/greenlamclads.com\/spanish\/wp-json\/wp\/v2\/comments?post=4109"}],"version-history":[{"count":10,"href":"https:\/\/greenlamclads.com\/spanish\/wp-json\/wp\/v2\/pages\/4109\/revisions"}],"predecessor-version":[{"id":5067,"href":"https:\/\/greenlamclads.com\/spanish\/wp-json\/wp\/v2\/pages\/4109\/revisions\/5067"}],"wp:attachment":[{"href":"https:\/\/greenlamclads.com\/spanish\/wp-json\/wp\/v2\/media?parent=4109"}],"curies":[{"name":"wp","href":"https:\/\/api.w.org\/{rel}","templated":true}]}}