{"id":1108,"date":"2021-08-11T08:41:12","date_gmt":"2021-08-11T03:11:12","guid":{"rendered":"https:\/\/staging.greenlamclads.com\/spanish\/?page_id=1108"},"modified":"2023-04-05T12:54:09","modified_gmt":"2023-04-05T07:24:09","slug":"get-inspired","status":"publish","type":"page","link":"https:\/\/greenlamclads.com\/spanish\/get-inspired\/","title":{"rendered":"Insp\u00edrate"},"content":{"rendered":"\n<div class=\"wp-block-columns media-section is-layout-flex wp-container-core-columns-is-layout-1 wp-block-columns-is-layout-flex\">\n<div class=\"wp-block-column container is-layout-flow wp-block-column-is-layout-flow\">\r\n\t<div class=\"heading-wrapper pl-0\">\r\n\t\t<h2 class=\"component-heading\">Insp\u00edrate <\/h2>\r\n\r\n\t\t\t\t\t<h3 class=\"component-sub-heading\">Navegue a trav\u00e9s de nuestros estilos <\/h3>\r\n\t\t\t<\/div>\r\n\n\n\n<p>\u201c\u00bfNo sabe por d\u00f3nde empezar? Desde lisos y maderas hasta abstractos, disponemos de una amplia gama de colecciones \u00fanicas entre las que elegir. Los usos m\u00e1s populares incluyen la revitalizaci\u00f3n de fachadas, balcones, puertas residenciales y comerciales, hospitales, carcasas de expositores, etc. Explore por cualquiera de las im\u00e1genes de a continuaci\u00f3n y selecci\u00f3nelas para m\u00e1s detalles sobre su uso decorativo\u201d.<\/p>\n<\/div>\n<\/div>\n\n\n\n<div class=\"wp-block-columns is-layout-flex wp-container-core-columns-is-layout-5 wp-block-columns-is-layout-flex\">\n<div class=\"wp-block-column get-inspired inspired-multiple-slider is-layout-flow wp-block-column-is-layout-flow\">\n<div class=\"wp-block-columns row no-gutters is-layout-flex wp-container-core-columns-is-layout-2 wp-block-columns-is-layout-flex\">\n<div class=\"wp-block-column col-lg-6 col-12 m-0 is-layout-flow wp-block-column-is-layout-flow\"><div class=\"slider-heading\">\r\n    <h3 class=\"gt-title\">Balc\u00f3n, Cerramiento de balc\u00f3n<\/h3>\r\n<\/div>\r\n<div class=\"swiper-container inspired-slider\">\r\n    <!-- Additional required wrapper -->\r\n    <div class=\"swiper-wrapper get-inspire-gallery\" itemscope>\r\n                <figure class=\"swiper-slide\" itemprop=\"associatedMedia\" itemscope>\r\n            <a title=\"click to zoom-in\" href=\"https:\/\/greenlamclads.com\/spanish\/wp-content\/uploads\/sites\/9\/2021\/09\/Balcony-Roof_4.jpg\" itemprop=\"contentUrl\">\r\n                <div class=\"img-wrapper\">\r\n                    <img decoding=\"async\" class=\"s--img\" src=\"https:\/\/greenlamclads.com\/spanish\/wp-content\/uploads\/sites\/9\/2021\/09\/Balcony-Roof_ENIGMA_9104_476x833-1.jpg\" itemprop=\"thumbnail\"\r\n                        alt=\"Balcony-Roof\" \/>\r\n                    <div class=\"image-overlay\">\r\n                        <i class=\"icon icon-search\"><\/i>\r\n                        <!-- <h4 class=\"title-over-image\">9273 MURKY GREY<\/h4> -->\r\n                    <\/div>\r\n                <\/div>\r\n            <\/a>\r\n            \r\n        <\/figure>\r\n                <figure class=\"swiper-slide\" itemprop=\"associatedMedia\" itemscope>\r\n            <a title=\"click to zoom-in\" href=\"https:\/\/greenlamclads.com\/spanish\/wp-content\/uploads\/sites\/9\/2021\/09\/Balcony-Option_3_murkyGrey.jpg\" itemprop=\"contentUrl\">\r\n                <div class=\"img-wrapper\">\r\n                    <img decoding=\"async\" class=\"s--img\" src=\"https:\/\/greenlamclads.com\/spanish\/wp-content\/uploads\/sites\/9\/2021\/09\/balcony_inspire_MURKY_-GREY_9273_476x833.jpg\" itemprop=\"thumbnail\"\r\n                        alt=\"balcony\" \/>\r\n                    <div class=\"image-overlay\">\r\n                        <i class=\"icon icon-search\"><\/i>\r\n                        <!-- <h4 class=\"title-over-image\">9273 MURKY GREY<\/h4> -->\r\n                    <\/div>\r\n                <\/div>\r\n            <\/a>\r\n            \r\n        <\/figure>\r\n            <\/div>\r\n    <!-- If we need Pagination buttons -->\r\n    <div class=\"swiper-pagination\"><\/div>\r\n<\/div>\r\n<\/div>\n\n\n\n<div class=\"wp-block-column col-lg-6 col-12 m-0 is-layout-flow wp-block-column-is-layout-flow\"><div class=\"slider-heading\">\r\n    <h3 class=\"gt-title\">Puerta<\/h3>\r\n<\/div>\r\n<div class=\"swiper-container inspired-slider\">\r\n    <!-- Additional required wrapper -->\r\n    <div class=\"swiper-wrapper get-inspire-gallery\" itemscope>\r\n                <figure class=\"swiper-slide\" itemprop=\"associatedMedia\" itemscope>\r\n            <a title=\"click to zoom-in\" href=\"https:\/\/greenlamclads.com\/spanish\/wp-content\/uploads\/sites\/9\/2021\/09\/Boundary-Wall-Application_2.jpg\" itemprop=\"contentUrl\">\r\n                <div class=\"img-wrapper\">\r\n                    <img decoding=\"async\" class=\"s--img\" src=\"https:\/\/greenlamclads.com\/spanish\/wp-content\/uploads\/sites\/9\/2021\/09\/gate_inspire_METROPOLITAN_9204_476x833-1.jpg\" itemprop=\"thumbnail\"\r\n                        alt=\"gate_inspire\" \/>\r\n                    <div class=\"image-overlay\">\r\n                        <i class=\"icon icon-search\"><\/i>\r\n                        <!-- <h4 class=\"title-over-image\">9273 MURKY GREY<\/h4> -->\r\n                    <\/div>\r\n                <\/div>\r\n            <\/a>\r\n            \r\n        <\/figure>\r\n                <figure class=\"swiper-slide\" itemprop=\"associatedMedia\" itemscope>\r\n            <a title=\"click to zoom-in\" href=\"https:\/\/greenlamclads.com\/spanish\/wp-content\/uploads\/sites\/9\/2021\/09\/9273-Murky-Grey-1-scaled.jpg\" itemprop=\"contentUrl\">\r\n                <div class=\"img-wrapper\">\r\n                    <img decoding=\"async\" class=\"s--img\" src=\"https:\/\/greenlamclads.com\/spanish\/wp-content\/uploads\/sites\/9\/2021\/09\/Gate_inspire_9273_Murky-Grey_476x833.jpg\" itemprop=\"thumbnail\"\r\n                        alt=\"Gate_inspire\" \/>\r\n                    <div class=\"image-overlay\">\r\n                        <i class=\"icon icon-search\"><\/i>\r\n                        <!-- <h4 class=\"title-over-image\">9273 MURKY GREY<\/h4> -->\r\n                    <\/div>\r\n                <\/div>\r\n            <\/a>\r\n            \r\n        <\/figure>\r\n                <figure class=\"swiper-slide\" itemprop=\"associatedMedia\" itemscope>\r\n            <a title=\"click to zoom-in\" href=\"https:\/\/greenlamclads.com\/spanish\/wp-content\/uploads\/sites\/9\/2021\/09\/inspiration_1.jpg\" itemprop=\"contentUrl\">\r\n                <div class=\"img-wrapper\">\r\n                    <img decoding=\"async\" class=\"s--img\" src=\"https:\/\/greenlamclads.com\/spanish\/wp-content\/uploads\/sites\/9\/2021\/09\/gate_inspire_SMOLDERED-WOOD_9103_476x833.jpg\" itemprop=\"thumbnail\"\r\n                        alt=\"gate_inspire\" \/>\r\n                    <div class=\"image-overlay\">\r\n                        <i class=\"icon icon-search\"><\/i>\r\n                        <!-- <h4 class=\"title-over-image\">9273 MURKY GREY<\/h4> -->\r\n                    <\/div>\r\n                <\/div>\r\n            <\/a>\r\n            \r\n        <\/figure>\r\n                <figure class=\"swiper-slide\" itemprop=\"associatedMedia\" itemscope>\r\n            <a title=\"click to zoom-in\" href=\"https:\/\/greenlamclads.com\/spanish\/wp-content\/uploads\/sites\/9\/2021\/09\/9203-Cementrio-scaled.jpg\" itemprop=\"contentUrl\">\r\n                <div class=\"img-wrapper\">\r\n                    <img decoding=\"async\" class=\"s--img\" src=\"https:\/\/greenlamclads.com\/spanish\/wp-content\/uploads\/sites\/9\/2021\/09\/CNC_inspire_9203_Cementrio_476x833.jpg\" itemprop=\"thumbnail\"\r\n                        alt=\"CNC_inspire\" \/>\r\n                    <div class=\"image-overlay\">\r\n                        <i class=\"icon icon-search\"><\/i>\r\n                        <!-- <h4 class=\"title-over-image\">9273 MURKY GREY<\/h4> -->\r\n                    <\/div>\r\n                <\/div>\r\n            <\/a>\r\n            \r\n        <\/figure>\r\n            <\/div>\r\n    <!-- If we need Pagination buttons -->\r\n    <div class=\"swiper-pagination\"><\/div>\r\n<\/div>\r\n<\/div>\n<\/div>\n\n\n\n<div class=\"wp-block-columns row no-gutters is-layout-flex wp-container-core-columns-is-layout-3 wp-block-columns-is-layout-flex\">\n<div class=\"wp-block-column col-lg-6 col-12 m-0 is-layout-flow wp-block-column-is-layout-flow\"><div class=\"slider-heading\">\r\n    <h3 class=\"gt-title\">Fachada Residencial<\/h3>\r\n<\/div>\r\n<div class=\"swiper-container inspired-slider\">\r\n    <!-- Additional required wrapper -->\r\n    <div class=\"swiper-wrapper get-inspire-gallery\" itemscope>\r\n                <figure class=\"swiper-slide\" itemprop=\"associatedMedia\" itemscope>\r\n            <a title=\"click to zoom-in\" href=\"https:\/\/greenlamclads.com\/spanish\/wp-content\/uploads\/sites\/9\/2021\/10\/residential_fasade_7_ChocoBrown.jpg\" itemprop=\"contentUrl\">\r\n                <div class=\"img-wrapper\">\r\n                    <img decoding=\"async\" class=\"s--img\" src=\"https:\/\/greenlamclads.com\/spanish\/wp-content\/uploads\/sites\/9\/2021\/10\/residential_fasade_7_ChocoBrown_long_size.jpg\" itemprop=\"thumbnail\"\r\n                        alt=\"\" \/>\r\n                    <div class=\"image-overlay\">\r\n                        <i class=\"icon icon-search\"><\/i>\r\n                        <!-- <h4 class=\"title-over-image\">9273 MURKY GREY<\/h4> -->\r\n                    <\/div>\r\n                <\/div>\r\n            <\/a>\r\n            \r\n        <\/figure>\r\n                <figure class=\"swiper-slide\" itemprop=\"associatedMedia\" itemscope>\r\n            <a title=\"click to zoom-in\" href=\"https:\/\/greenlamclads.com\/spanish\/wp-content\/uploads\/sites\/9\/2021\/09\/9271-Clear-White-9105-Caramel-Streak-scaled.jpg\" itemprop=\"contentUrl\">\r\n                <div class=\"img-wrapper\">\r\n                    <img decoding=\"async\" class=\"s--img\" src=\"https:\/\/greenlamclads.com\/spanish\/wp-content\/uploads\/sites\/9\/2021\/09\/Residential_inspiration_9105_Caramel-Streak_476x833.jpg\" itemprop=\"thumbnail\"\r\n                        alt=\"Residential_inspiration\" \/>\r\n                    <div class=\"image-overlay\">\r\n                        <i class=\"icon icon-search\"><\/i>\r\n                        <!-- <h4 class=\"title-over-image\">9273 MURKY GREY<\/h4> -->\r\n                    <\/div>\r\n                <\/div>\r\n            <\/a>\r\n            \r\n        <\/figure>\r\n            <\/div>\r\n    <!-- If we need Pagination buttons -->\r\n    <div class=\"swiper-pagination\"><\/div>\r\n<\/div>\r\n<\/div>\n\n\n\n<div class=\"wp-block-column col-lg-6 col-12 m-0 is-layout-flow wp-block-column-is-layout-flow\"><div class=\"slider-heading\">\r\n    <h3 class=\"gt-title\">Fachada Comercial<\/h3>\r\n<\/div>\r\n<div class=\"swiper-container inspired-slider\">\r\n    <!-- Additional required wrapper -->\r\n    <div class=\"swiper-wrapper get-inspire-gallery\" itemscope>\r\n                <figure class=\"swiper-slide\" itemprop=\"associatedMedia\" itemscope>\r\n            <a title=\"click to zoom-in\" href=\"https:\/\/greenlamclads.com\/spanish\/wp-content\/uploads\/sites\/9\/2021\/10\/Header_4-1.png\" itemprop=\"contentUrl\">\r\n                <div class=\"img-wrapper\">\r\n                    <img decoding=\"async\" class=\"s--img\" src=\"https:\/\/greenlamclads.com\/spanish\/wp-content\/uploads\/sites\/9\/2021\/10\/Commercial_Facade_inspire_OREGON-OAK_9114_long_size.jpg\" itemprop=\"thumbnail\"\r\n                        alt=\"\" \/>\r\n                    <div class=\"image-overlay\">\r\n                        <i class=\"icon icon-search\"><\/i>\r\n                        <!-- <h4 class=\"title-over-image\">9273 MURKY GREY<\/h4> -->\r\n                    <\/div>\r\n                <\/div>\r\n            <\/a>\r\n            \r\n        <\/figure>\r\n                <figure class=\"swiper-slide\" itemprop=\"associatedMedia\" itemscope>\r\n            <a title=\"click to zoom-in\" href=\"https:\/\/greenlamclads.com\/spanish\/wp-content\/uploads\/sites\/9\/2021\/10\/Commercial_fasade_5_new.jpg\" itemprop=\"contentUrl\">\r\n                <div class=\"img-wrapper\">\r\n                    <img decoding=\"async\" class=\"s--img\" src=\"https:\/\/greenlamclads.com\/spanish\/wp-content\/uploads\/sites\/9\/2021\/10\/Commercial_fasade_5_new-1.jpg\" itemprop=\"thumbnail\"\r\n                        alt=\"\" \/>\r\n                    <div class=\"image-overlay\">\r\n                        <i class=\"icon icon-search\"><\/i>\r\n                        <!-- <h4 class=\"title-over-image\">9273 MURKY GREY<\/h4> -->\r\n                    <\/div>\r\n                <\/div>\r\n            <\/a>\r\n            \r\n        <\/figure>\r\n            <\/div>\r\n    <!-- If we need Pagination buttons -->\r\n    <div class=\"swiper-pagination\"><\/div>\r\n<\/div>\r\n<\/div>\n<\/div>\n\n\n\n<div class=\"wp-block-columns row no-gutters is-layout-flex wp-container-core-columns-is-layout-4 wp-block-columns-is-layout-flex\">\n<div class=\"wp-block-column col-lg-6 col-12 m-0 is-layout-flow wp-block-column-is-layout-flow\"><div class=\"slider-heading\">\r\n    <h3 class=\"gt-title\">Aplicaci\u00f3n de muro perimetral<\/h3>\r\n<\/div>\r\n<div class=\"swiper-container inspired-slider\">\r\n    <!-- Additional required wrapper -->\r\n    <div class=\"swiper-wrapper get-inspire-gallery\" itemscope>\r\n                <figure class=\"swiper-slide\" itemprop=\"associatedMedia\" itemscope>\r\n            <a title=\"click to zoom-in\" href=\"https:\/\/greenlamclads.com\/spanish\/wp-content\/uploads\/sites\/9\/2021\/10\/CORAL-STREAK_9106-TRUSTED-TEAK_9112.jpg\" itemprop=\"contentUrl\">\r\n                <div class=\"img-wrapper\">\r\n                    <img decoding=\"async\" class=\"s--img\" src=\"https:\/\/greenlamclads.com\/spanish\/wp-content\/uploads\/sites\/9\/2021\/10\/CORAL-STREAK_9106-TRUSTED-TEAK_9112_long_size.jpg\" itemprop=\"thumbnail\"\r\n                        alt=\"\" \/>\r\n                    <div class=\"image-overlay\">\r\n                        <i class=\"icon icon-search\"><\/i>\r\n                        <!-- <h4 class=\"title-over-image\">9273 MURKY GREY<\/h4> -->\r\n                    <\/div>\r\n                <\/div>\r\n            <\/a>\r\n            \r\n        <\/figure>\r\n                <figure class=\"swiper-slide\" itemprop=\"associatedMedia\" itemscope>\r\n            <a title=\"click to zoom-in\" href=\"https:\/\/greenlamclads.com\/spanish\/wp-content\/uploads\/sites\/9\/2021\/10\/Wall_Exterior_Citron-Stone_9205.jpg\" itemprop=\"contentUrl\">\r\n                <div class=\"img-wrapper\">\r\n                    <img decoding=\"async\" class=\"s--img\" src=\"https:\/\/greenlamclads.com\/spanish\/wp-content\/uploads\/sites\/9\/2021\/10\/Wall_Exterior_Citron-Stone_9205_long_size.jpg\" itemprop=\"thumbnail\"\r\n                        alt=\"\" \/>\r\n                    <div class=\"image-overlay\">\r\n                        <i class=\"icon icon-search\"><\/i>\r\n                        <!-- <h4 class=\"title-over-image\">9273 MURKY GREY<\/h4> -->\r\n                    <\/div>\r\n                <\/div>\r\n            <\/a>\r\n            \r\n        <\/figure>\r\n            <\/div>\r\n    <!-- If we need Pagination buttons -->\r\n    <div class=\"swiper-pagination\"><\/div>\r\n<\/div>\r\n<\/div>\n\n\n\n<div class=\"wp-block-column col-lg-6 col-12 m-0 is-layout-flow wp-block-column-is-layout-flow\"><div class=\"slider-heading\">\r\n    <h3 class=\"gt-title\">Persianas, gimnasios y casas club<\/h3>\r\n<\/div>\r\n<div class=\"swiper-container inspired-slider\">\r\n    <!-- Additional required wrapper -->\r\n    <div class=\"swiper-wrapper get-inspire-gallery\" itemscope>\r\n                <figure class=\"swiper-slide\" itemprop=\"associatedMedia\" itemscope>\r\n            <a title=\"click to zoom-in\" href=\"https:\/\/greenlamclads.com\/spanish\/wp-content\/uploads\/sites\/9\/2021\/09\/inspiration_5.jpg\" itemprop=\"contentUrl\">\r\n                <div class=\"img-wrapper\">\r\n                    <img decoding=\"async\" class=\"s--img\" src=\"https:\/\/greenlamclads.com\/spanish\/wp-content\/uploads\/sites\/9\/2021\/09\/Louvers_inspire_ENIGMA_9104_476x833-1.jpg\" itemprop=\"thumbnail\"\r\n                        alt=\"Louvers_inspire\" \/>\r\n                    <div class=\"image-overlay\">\r\n                        <i class=\"icon icon-search\"><\/i>\r\n                        <!-- <h4 class=\"title-over-image\">9273 MURKY GREY<\/h4> -->\r\n                    <\/div>\r\n                <\/div>\r\n            <\/a>\r\n            \r\n        <\/figure>\r\n                <figure class=\"swiper-slide\" itemprop=\"associatedMedia\" itemscope>\r\n            <a title=\"click to zoom-in\" href=\"https:\/\/greenlamclads.com\/spanish\/wp-content\/uploads\/sites\/9\/2021\/10\/Gym_inspiration_TRUSTED-TEAK_9112.jpg\" itemprop=\"contentUrl\">\r\n                <div class=\"img-wrapper\">\r\n                    <img decoding=\"async\" class=\"s--img\" src=\"https:\/\/greenlamclads.com\/spanish\/wp-content\/uploads\/sites\/9\/2021\/10\/Gym_inspiration_TRUSTED-TEAK_9112.jpg\" itemprop=\"thumbnail\"\r\n                        alt=\"\" \/>\r\n                    <div class=\"image-overlay\">\r\n                        <i class=\"icon icon-search\"><\/i>\r\n                        <!-- <h4 class=\"title-over-image\">9273 MURKY GREY<\/h4> -->\r\n                    <\/div>\r\n                <\/div>\r\n            <\/a>\r\n            \r\n        <\/figure>\r\n            <\/div>\r\n    <!-- If we need Pagination buttons -->\r\n    <div class=\"swiper-pagination\"><\/div>\r\n<\/div>\r\n<\/div>\n<\/div>\n\n\n\n<div class=\"sustainability-download-brochure mt-4 mb-0 mb-md-4\"><a href=\"https:\/\/greenlamclads.com\/spanish\/wp-content\/uploads\/sites\/9\/2022\/02\/Geenlam-Clads-Inspiration-Booklet.pdf\" class=\"sustainability-download-brochure btn-black\" download=\"\">Cat\u00e1logo de inspiraci\u00f3n<\/a><\/div>\n<\/div>\n<\/div>\n","protected":false},"excerpt":{"rendered":"<p>\u201c\u00bfNo sabe por d\u00f3nde empezar? Desde lisos y maderas hasta abstractos, disponemos de una amplia gama de colecciones \u00fanicas entre las que elegir. Los usos m\u00e1s populares incluyen la revitalizaci\u00f3n de fachadas, balcones, puertas residenciales y comerciales, hospitales, carcasas de expositores, etc. Explore por cualquiera de las im\u00e1genes de a continuaci\u00f3n y selecci\u00f3nelas para m\u00e1s [&hellip;]<\/p>\n","protected":false},"author":1,"featured_media":0,"parent":0,"menu_order":0,"comment_status":"closed","ping_status":"closed","template":"","meta":{"footnotes":""},"class_list":["post-1108","page","type-page","status-publish","hentry"],"yoast_head":"<!-- This site is optimized with the Yoast SEO plugin v23.5 - https:\/\/yoast.com\/wordpress\/plugins\/seo\/ -->\n<title>Insp\u00edrate - Spanish<\/title>\n<meta name=\"robots\" content=\"index, follow, max-snippet:-1, max-image-preview:large, max-video-preview:-1\" \/>\n<meta property=\"og:locale\" content=\"en_US\" \/>\n<meta property=\"og:type\" content=\"article\" \/>\n<meta property=\"og:title\" content=\"Insp\u00edrate - Spanish\" \/>\n<meta property=\"og:description\" content=\"\u201c\u00bfNo sabe por d\u00f3nde empezar? Desde lisos y maderas hasta abstractos, disponemos de una amplia gama de colecciones \u00fanicas entre las que elegir. Los usos m\u00e1s populares incluyen la revitalizaci\u00f3n de fachadas, balcones, puertas residenciales y comerciales, hospitales, carcasas de expositores, etc. Explore por cualquiera de las im\u00e1genes de a continuaci\u00f3n y selecci\u00f3nelas para m\u00e1s [&hellip;]\" \/>\n<meta property=\"og:url\" content=\"https:\/\/greenlamclads.com\/spanish\/get-inspired\/\" \/>\n<meta property=\"og:site_name\" content=\"Spanish\" \/>\n<meta property=\"article:modified_time\" content=\"2023-04-05T07:24:09+00:00\" \/>\n<meta name=\"twitter:card\" content=\"summary_large_image\" \/>\n<meta name=\"twitter:label1\" content=\"Est. reading time\" \/>\n\t<meta name=\"twitter:data1\" content=\"1 minute\" \/>\n<script type=\"application\/ld+json\" class=\"yoast-schema-graph\">{\"@context\":\"https:\/\/schema.org\",\"@graph\":[{\"@type\":\"WebPage\",\"@id\":\"https:\/\/greenlamclads.com\/spanish\/get-inspired\/\",\"url\":\"https:\/\/greenlamclads.com\/spanish\/get-inspired\/\",\"name\":\"Insp\u00edrate - Spanish\",\"isPartOf\":{\"@id\":\"https:\/\/greenlamclads.com\/spanish\/#website\"},\"datePublished\":\"2021-08-11T03:11:12+00:00\",\"dateModified\":\"2023-04-05T07:24:09+00:00\",\"breadcrumb\":{\"@id\":\"https:\/\/greenlamclads.com\/spanish\/get-inspired\/#breadcrumb\"},\"inLanguage\":\"en-US\",\"potentialAction\":[{\"@type\":\"ReadAction\",\"target\":[\"https:\/\/greenlamclads.com\/spanish\/get-inspired\/\"]}]},{\"@type\":\"BreadcrumbList\",\"@id\":\"https:\/\/greenlamclads.com\/spanish\/get-inspired\/#breadcrumb\",\"itemListElement\":[{\"@type\":\"ListItem\",\"position\":1,\"name\":\"Home\",\"item\":\"https:\/\/greenlamclads.com\/spanish\/\"},{\"@type\":\"ListItem\",\"position\":2,\"name\":\"Insp\u00edrate\"}]},{\"@type\":\"WebSite\",\"@id\":\"https:\/\/greenlamclads.com\/spanish\/#website\",\"url\":\"https:\/\/greenlamclads.com\/spanish\/\",\"name\":\"Spanish\",\"description\":\"\",\"publisher\":{\"@id\":\"https:\/\/greenlamclads.com\/spanish\/#organization\"},\"potentialAction\":[{\"@type\":\"SearchAction\",\"target\":{\"@type\":\"EntryPoint\",\"urlTemplate\":\"https:\/\/greenlamclads.com\/spanish\/?s={search_term_string}\"},\"query-input\":{\"@type\":\"PropertyValueSpecification\",\"valueRequired\":true,\"valueName\":\"search_term_string\"}}],\"inLanguage\":\"en-US\"},{\"@type\":\"Organization\",\"@id\":\"https:\/\/greenlamclads.com\/spanish\/#organization\",\"name\":\"Spanish\",\"url\":\"https:\/\/greenlamclads.com\/spanish\/\",\"logo\":{\"@type\":\"ImageObject\",\"inLanguage\":\"en-US\",\"@id\":\"https:\/\/greenlamclads.com\/spanish\/#\/schema\/logo\/image\/\",\"url\":\"https:\/\/greenlamclads.com\/spanish\/wp-content\/uploads\/sites\/9\/2021\/08\/greenlam-logo.png\",\"contentUrl\":\"https:\/\/greenlamclads.com\/spanish\/wp-content\/uploads\/sites\/9\/2021\/08\/greenlam-logo.png\",\"width\":250,\"height\":100,\"caption\":\"Spanish\"},\"image\":{\"@id\":\"https:\/\/greenlamclads.com\/spanish\/#\/schema\/logo\/image\/\"}}]}<\/script>\n<!-- \/ Yoast SEO plugin. -->","yoast_head_json":{"title":"Insp\u00edrate - Spanish","robots":{"index":"index","follow":"follow","max-snippet":"max-snippet:-1","max-image-preview":"max-image-preview:large","max-video-preview":"max-video-preview:-1"},"og_locale":"en_US","og_type":"article","og_title":"Insp\u00edrate - Spanish","og_description":"\u201c\u00bfNo sabe por d\u00f3nde empezar? Desde lisos y maderas hasta abstractos, disponemos de una amplia gama de colecciones \u00fanicas entre las que elegir. Los usos m\u00e1s populares incluyen la revitalizaci\u00f3n de fachadas, balcones, puertas residenciales y comerciales, hospitales, carcasas de expositores, etc. Explore por cualquiera de las im\u00e1genes de a continuaci\u00f3n y selecci\u00f3nelas para m\u00e1s [&hellip;]","og_url":"https:\/\/greenlamclads.com\/spanish\/get-inspired\/","og_site_name":"Spanish","article_modified_time":"2023-04-05T07:24:09+00:00","twitter_card":"summary_large_image","twitter_misc":{"Est. reading time":"1 minute"},"schema":{"@context":"https:\/\/schema.org","@graph":[{"@type":"WebPage","@id":"https:\/\/greenlamclads.com\/spanish\/get-inspired\/","url":"https:\/\/greenlamclads.com\/spanish\/get-inspired\/","name":"Insp\u00edrate - Spanish","isPartOf":{"@id":"https:\/\/greenlamclads.com\/spanish\/#website"},"datePublished":"2021-08-11T03:11:12+00:00","dateModified":"2023-04-05T07:24:09+00:00","breadcrumb":{"@id":"https:\/\/greenlamclads.com\/spanish\/get-inspired\/#breadcrumb"},"inLanguage":"en-US","potentialAction":[{"@type":"ReadAction","target":["https:\/\/greenlamclads.com\/spanish\/get-inspired\/"]}]},{"@type":"BreadcrumbList","@id":"https:\/\/greenlamclads.com\/spanish\/get-inspired\/#breadcrumb","itemListElement":[{"@type":"ListItem","position":1,"name":"Home","item":"https:\/\/greenlamclads.com\/spanish\/"},{"@type":"ListItem","position":2,"name":"Insp\u00edrate"}]},{"@type":"WebSite","@id":"https:\/\/greenlamclads.com\/spanish\/#website","url":"https:\/\/greenlamclads.com\/spanish\/","name":"Spanish","description":"","publisher":{"@id":"https:\/\/greenlamclads.com\/spanish\/#organization"},"potentialAction":[{"@type":"SearchAction","target":{"@type":"EntryPoint","urlTemplate":"https:\/\/greenlamclads.com\/spanish\/?s={search_term_string}"},"query-input":{"@type":"PropertyValueSpecification","valueRequired":true,"valueName":"search_term_string"}}],"inLanguage":"en-US"},{"@type":"Organization","@id":"https:\/\/greenlamclads.com\/spanish\/#organization","name":"Spanish","url":"https:\/\/greenlamclads.com\/spanish\/","logo":{"@type":"ImageObject","inLanguage":"en-US","@id":"https:\/\/greenlamclads.com\/spanish\/#\/schema\/logo\/image\/","url":"https:\/\/greenlamclads.com\/spanish\/wp-content\/uploads\/sites\/9\/2021\/08\/greenlam-logo.png","contentUrl":"https:\/\/greenlamclads.com\/spanish\/wp-content\/uploads\/sites\/9\/2021\/08\/greenlam-logo.png","width":250,"height":100,"caption":"Spanish"},"image":{"@id":"https:\/\/greenlamclads.com\/spanish\/#\/schema\/logo\/image\/"}}]}},"_links":{"self":[{"href":"https:\/\/greenlamclads.com\/spanish\/wp-json\/wp\/v2\/pages\/1108"}],"collection":[{"href":"https:\/\/greenlamclads.com\/spanish\/wp-json\/wp\/v2\/pages"}],"about":[{"href":"https:\/\/greenlamclads.com\/spanish\/wp-json\/wp\/v2\/types\/page"}],"author":[{"embeddable":true,"href":"https:\/\/greenlamclads.com\/spanish\/wp-json\/wp\/v2\/users\/1"}],"replies":[{"embeddable":true,"href":"https:\/\/greenlamclads.com\/spanish\/wp-json\/wp\/v2\/comments?post=1108"}],"version-history":[{"count":9,"href":"https:\/\/greenlamclads.com\/spanish\/wp-json\/wp\/v2\/pages\/1108\/revisions"}],"predecessor-version":[{"id":5062,"href":"https:\/\/greenlamclads.com\/spanish\/wp-json\/wp\/v2\/pages\/1108\/revisions\/5062"}],"wp:attachment":[{"href":"https:\/\/greenlamclads.com\/spanish\/wp-json\/wp\/v2\/media?parent=1108"}],"curies":[{"name":"wp","href":"https:\/\/api.w.org\/{rel}","templated":true}]}}